. Suppose u = -0*b + 16*b. List the prime factors of b.
1021
Suppose -10*o = -4*o + 132. Let a be (90/(-4))/(11/o). Let x = a + 13. List the prime factors of x.
2, 29
Let k = -322 - -313. Let c(d) = d**3 + 13*d**2 - 10*d + 17. List the prime factors of c(k).
431
What are the prime factors of 15823020/190 + ((-153)/19 - -8)?
7, 11897
Let j(r) = 1007*r - 3180. What are the prime factors of j(26)?
2, 7, 31, 53
Suppose 17*u - 6*u = -5*u. List the prime factors of u - (-337 - (5 + -4)).
2, 13
List the prime factors of 190/1425 + (-2)/(-10) + (-40925)/(-3).
2, 19, 359
Let x = -37 + 40. Suppose -q - 2*r = -4, -3*q - x*r = -7*r + 18. What are the prime factors of (q - -2)/1 + 47?
47
Let b be 4/((1/(-7))/(15/30)). Let t be (0*(b/(-4) - 3))/(-1). Suppose 5*i - 102 - 198 = t. What are the prime factors of i?
2, 3, 5
Suppose -4*j + 206912 = 5*t, -4*j + 3295*t - 3296*t = -206880. What are the prime factors of j?
2, 19, 1361
Let j = -79 + 43. Let n = j - -38. Suppose -3*t + q + 171 = n*q, 3*q - 57 = -t. What are the prime factors of t?
3, 19
Suppose -290*m = -316*m + 422136. List the prime factors of m.
2, 3, 11, 41
Suppose -15*r + 11*r + 5*j = -66824, -50117 = -3*r + 4*j. List the prime factors of r.
17, 983
Let s be (-60)/((60/16)/(-5)). Let b = 245 - s. List the prime factors of b.
3, 5, 11
Suppose 38 = -2*u + 36. Let y be (3/u - 2)/(1 - 2). Suppose -16 - 9 = -y*v, v - 65 = -r. What are the prime factors of r?
2, 3, 5
Suppose 5*k = 2*w - 2893, -3*w + 3*k + 5883 = 1530. Let j = w + -864. List the prime factors of j.
2, 5, 59
Suppose 2*u + 0*w + 48 = -2*w, -5*u + 2*w = 155. Let b = -64 - u. Let a = b - -78. List the prime factors of a.
43
Suppose g - 15578 = -3*l, 185*l - 190*l + 25940 = -3*g. What are the prime factors of l?
29, 179
Let z(i) = -103*i + 684. What are the prime factors of z(-20)?
2, 7
Let z(i) = 24*i**2 + 83*i + 4. List the prime factors of z(-35).
3, 11, 73
Let z = -47 - -50. Suppose d + 1279 = -7*s + 10*s, z*s + 3*d = 1299. List the prime factors of s.
2, 107
Suppose -4*z + 5*j - 527 = 0, -5*z - 7*j = -5*j + 667. Let v be 1/(1/232) + 1. Let r = z + v. List the prime factors of r.
2, 5
Let g = -3717 + 2088. Let j = g - -2375. List the prime factors of j.
2, 373
Suppose -4*b + 5*o - 5 = 0, -4*o - 2 + 22 = 0. Let s = b + 0. Suppose 167 + 318 = s*z. List the prime factors of z.
97
Let k = 1937 + 1713. What are the prime factors of k?
2, 5, 73
Let w(d) = 48*d**2 + 7*d + 2. Let z be w(4). Suppose 0 = -3*x - 3*j + z, -1 + 3 = j. Suppose x - 660 = -2*y. List the prime factors of y.
2, 3, 11
Let u(r) = 7*r**2 - r - 1. Let x be u(-1). Let c(f) = -x*f - 5*f + f**2 + 28 + 2*f. List the prime factors of c(11).
3, 13
Suppose 2*s - 405 = v + 491, 2*s + 3*v = 912. Let k be 5 + (0 - (0 + 0)). Suppose 10*j = k*j - r + s, -3*j = -2*r - 257. List the prime factors of j.
89
Suppose -2*k = -4*l + 98 + 80, -4*k = 4. List the prime factors of (41 + (1 - -3))/(6/l).
2, 3, 5, 11
Suppose -4*v = 4*y, -9*y = -8*y - v - 6. What are the prime factors of -993*1*y/(-9)?
331
Let g = -281 + 283. What are the prime factors of 1/g*(-13 + 471)?
229
Let u = -120 + 129. What are the prime factors of (24/u)/(6/729)?
2, 3
Suppose 420 + 9992 = 4*g + 4*f, -14*g + 2*f = -36538. What are the prime factors of g?
2609
Suppose z - 5*u - 66 = -3*u, u - 255 = -4*z. Let d = z + -62. Suppose -d*h = -i + 80, -2*h + 240 = 3*i + 2*h. What are the prime factors of i?
2, 5
Suppose 1112*q = 1113*q + 1087. Let v = q - -1844. List the prime factors of v.
757
Let r(s) = -18*s - 48. Let h be r(-3). List the prime factors of (10/h)/((-35336)/(-4416) - 8).
2, 5, 23
Suppose v + 462 = -3*y + 2884, 5*y - 4030 = -5*v. Let a = y + -529. List the prime factors of a.
3, 31
Let y = 44380 + -22867. List the prime factors of y.
3, 71, 101
Let v(l) = 2*l**2 + l - 6. Let n be v(-8). Let i = 128 - n. List the prime factors of i.
2, 7
Let p = 113 + -185. Let c = p + 207. What are the prime factors of c?
3, 5
Let w = -30 - -44. Let i(z) be the third derivative of z**5/60 - z**4/8 + z**3/3 + 2*z**2 + 316*z + 2. What are the prime factors of i(w)?
2, 3, 13
Suppose 154*l - 220828 = 128*l + 345062. List the prime factors of l.
3, 5, 1451
Suppose -3*f - 5*w - 985 - 594 = 0, 2*w + 1050 = -2*f. Let a = f - -1099. What are the prime factors of a?
2, 3
Let h = -105 + 241. Let m = h - 134. Suppose -840 = -8*q + m*q. List the prime factors of q.
2, 5, 7
Let o(a) = a**3 - 7*a**2 - 7*a - 6. Let n be o(8). Let y(q) = 4*q**2 + 2*q - 1. Let z be y(n). Let f = 22 - z. List the prime factors of f.
3
Let n = -26 + 29. Let c be (-1 + 1)/(n/(-4)*4). Suppose -a + 3*k + 107 = 0, c = 5*a - 2*k - 3*k - 505. List the prime factors of a.
2, 7
Let n(q) = -5*q + 150. Let z be n(30). Suppose z = 239*p - 238*p - 88. List the prime factors of p.
2, 11
Let j be 25*(-15)/5*(-26)/10. Let k = j - 21. What are the prime factors of k?
2, 3, 29
Suppose -2*v = 5*u + 39, 15*u - 48 = 20*u - v. List the prime factors of (-6)/u - 9/((-27)/316).
2, 53
Let o(d) = 2*d - 1. Let x be o(-5). Let l be 4*(-17)/(136/(-42)). Let r = x + l. What are the prime factors of r?
2, 5
Suppose -5*f + 0 = -10. Suppose -4*s = -3*p + 940, 292 = 3*p - f*p + 4*s. List the prime factors of p.
2, 7, 11
Let t(d) = 81*d**3 - 3*d**2 - 5*d + 8. Let o be t(1). Suppose 0 = o*k - 91*k + 16500. List the prime factors of k.
2, 3, 5, 11
Let s = 221 + -178. What are the prime factors of (229*2)/(-41 + s)?
229
Suppose 4*g + 5*w = 8*g - 5, 0 = -4*w - 4. Suppose 5*p - 9*p = -688. Suppose g = s + 3*s - p. What are the prime factors of s?
43
Let p(z) = 45*z**3 + 3*z**2 - 9*z - 10. Let f(h) = 44*h**3 + 4*h**2 - 10*h - 11. Let v(j) = 5*f(j) - 6*p(j). List the prime factors of v(-2).
3, 5
Let k = -7332 - -12683. List the prime factors of k.
5351
Let k be 484/16 + (15/(-12) - -1). Suppose -5*v - 5*z + k = 0, -v + 0 = -2*z + 6. What are the prime factors of (5 - v)*(-596)/(-12)?
149
List the prime factors of -1 + 5 + -6 - (21 - 13317).
2, 17, 23
Let o = -182 - -156. Let m = o - -688. What are the prime factors of m?
2, 331
Let o(q) = 3*q**3 - 33*q**2 - 91*q + 17. What are the prime factors of o(19)?
2, 11, 79
Suppose -3*i - 3*f + 73185 = 0, -f = 136*i - 138*i + 48814. What are the prime factors of i?
23, 1061
Let g = 42368 - 27327. List the prime factors of g.
13, 89
Suppose 0 = 5*n - 18162 - 463. What are the prime factors of n?
5, 149
Let w be 42/(-15)*5/(-4)*2. Let o(u) = 6*u + 9. What are the prime factors of o(w)?
3, 17
Let j = 20610 - 10828. List the prime factors of j.
2, 67, 73
Let k be 2 + -1 - (10/(-2))/(-5). Suppose -4*v = -2*i - k*i + 250, 5*v + 375 = 3*i. List the prime factors of i.
5
Suppose 12*n = 174 + 33450. What are the prime factors of n?
2, 3, 467
Let s be 2*(-8)/((-80)/45) + -6. Let p(g) = 283*g - 9. What are the prime factors of p(s)?
2, 3, 5, 7
Suppose -4*h - 4*w = -2*w - 26, 5*w = 2*h + 17. Suppose -g - h*y + 43 = -y, 5*y + 189 = 4*g. List the prime factors of g.
2, 23
Suppose -7*v + 15070 = -18*v. What are the prime factors of v/(-6) - (-64)/96?
229
Suppose -z - 4*m = -13, -3 = 4*z - 5*m - 13. Suppose z*p + 1 = 16, 4*d - 5*p - 21 = 0. Suppose d*r - 24 = 8*r. List the prime factors of r.
2, 3
Suppose 70*n = 1825952 + 431828. List the prime factors of n.
2, 16127
Let o = 36 - 31. Suppose 5*a - 5*h - 565 = 0, -o*a - 2*h + 0*h + 572 = 0. Suppose -38 = 2*q - a. What are the prime factors of q?
2, 19
Suppose 14*o = 67*o - 902236 - 262757. List the prime factors of o.
3, 17, 431
Suppose 0 = -r - 4*s + 10, 2*r - 4*s = 11 + 9. Let c be (54/(-45))/((-4)/r). Suppose 0 = -c*h - 2*p + 8 + 17, -5 = -3*h + 2*p. List the prime factors of h.
5
Let i(n) = -2*n**2 - 2*n**3 + 4 + 3*n - 3*n**3 + 2*n**3. Let u = -1852 - -1850. List the prime factors of i(u).
2, 7
Let p(t) = -324*t - 2219. What are the prime factors of p(-54)?
15277
Suppose -11363*p - 479136 = -11375*p. List the prime factors of p.
2, 7, 23, 31
Let s(z) = 388*z**3 - 3*z**2 - 2*z + 3. Suppose f + 11 = 12. List the prime factors of s(f).
2, 193
Let y(h) be the second derivative of 43*h**3/6 + 52*h**2 + 60*h. List the prime factors of y(9).
491
Let h be (0 - (-3 + 2))/((-12)/(-4788)). Suppose 1155 = 6*s + h. Suppose -5*q = 3*v - 3*q - 370, -v - 2*q + s = 0. What are the prime factors of v?
2, 61
Let d(z) = 4*z**3 - 6*z**2 + 9*z - 3. L